 be the first derivative of -7*y**2/2 - y - 62. What is m(o)?
6
Let z be (-133)/(-21) + 2*(-4)/6. Let u(x) = -z - 2*x + 8 - 7 - x + x. Let i be -1*1 + 8/(-2). What is u(i)?
6
Let s = 102 + -100. Suppose 0 = -3*p + s*u + 241, -2*p = p + 3*u - 261. Let b(o) = -p*o**2 + 6*o + 84*o**2 + 2 + 0. What is b(-5)?
-3
Suppose -4*r + 4 = 24, -3*v + 35 = -4*r. Suppose 0 + 15 = v*b. Let f(z) = 4*z + 2. Calculate f(b).
14
Let p(o) = o**3 + 68*o - 196*o + 66*o + 65*o - 6*o**2 + 5. Let u(y) = y**3 - 10*y**2 - 40*y + 18. Let c be u(13). What is p(c)?
-5
Let b = 63 + -61. Let j(y) = y**3 - y - 9*y**2 - 13*y**2 + 41*y**2 - 13*y**b. Give j(-3).
30
Let u(z) = 8*z - 56. Suppose -4*i = 5*k - 40, -2*k - 382 = -3*i - 375. Determine u(i).
-16
Let b = -8805 - -8771. Let h(m) = m**3 + 34*m**2 + 2*m + 60. Give h(b).
-8
Let w(o) = 20*o - 27. Let p be (-1)/3*(24/(-84) + (-80)/14). Determine w(p).
13
Let g be (-946)/258 + 2*5/2. Let n(w) be the third derivative of -g*w**3 + 0*w + 0 - 15*w**2 - 1/12*w**4. Give n(-6).
4
Let i(b) be the first derivative of 5*b - 12 - 7/2*b**2 - 1/3*b**3. Let v(h) = 3*h**2 + 48*h - 57. Let o be v(-17). What is i(o)?
11
Let m(t) = 377*t**2 - 15 - 187*t**2 - 14*t - 5*t + 5 - 188*t**2. Give m(9).
-19
Let q(p) = 3*p**2 - 15*p + 15. Let c(y) = -2*y**2 - 2*y + 3. Let d(f) = -2*c(f) - q(f). What is d(-18)?
-39
Let p(i) = 13*i**3 + 47*i**2 + 19*i + 221. Let h(a) = 7*a**3 + 24*a**2 + 10*a + 113. Let m(x) = -11*h(x) + 6*p(x). What is m(-18)?
11
Let o(t) = t**2 - 2*t - 2. Let x(w) = -w + 9*w + 6*w - 17*w + 88. Let a be x(28). What is o(a)?
6
Let h(u) = -u**2 + u - 4. Let a be -15*32/120*5/(-2). Let z be (a/75*5)/((-1)/(-9)). Let f be (-3)/(-2) + (-21)/z + 2. Give h(f).
-4
Let s(r) = -6*r + 1. Let u(c) = 9*c - 2. Let f(v) = 2*s(v) - u(v). Determine f(1).
-17
Let r(k) = -13*k**2 + 3*k + 0*k - 1 + 14*k**2. Let z be r(-3). Let s(o) be the second derivative of o**4/12 + o**3/3 + o**2/2 - 13811*o. Determine s(z).
0
Let f(c) = 789*c - 2370. Let r be f(3). Let b(n) = 2*n**3 + 2*n**2 + 4*n - 2. What is b(r)?
-50
Let y(f) = 12*f**2. Let r be y(-1). Suppose 626*c - 93 = 625*c. Let m(p) = -29 - 20 + c - 24 - p. Calculate m(r).
8
Suppose 95*g + 2*f = 96*g - 23, -5 = -3*g - 2*f. Let l(r) be the first derivative of -r**4/4 + 7*r**3/3 + r**2/2 + 10*r - 7. Give l(g).
17
Suppose -2*i = -8*k + 7*k - 58, -i + 260 = -4*k. Let b be (-3)/12 + 765/(-12). Let y = k - b. Let s(m) = m**2 - m + 2. Determine s(y).
8
Let x(h) = -9066 - 43*h**2 - 6*h**2 + 138*h + 4391 - 19*h**2 + 4540 - h**3. What is x(-70)?
5
Let x(z) = -2*z**2 + 2*z - 11. Let a(f) = -16*f**2 + 16*f - 56. Let l(s) = a(s) - 5*x(s). What is l(2)?
-13
Let s(h) = 9*h**2 + 8*h - 8*h + 2860 - 5717 + 2854. Calculate s(1).
6
Let h(w) = -19*w**2 + 13*w - 5. Let v(p) = 16*p**2 - 8*p + 6. Let m(z) = 5*h(z) + 6*v(z). Calculate m(-12).
-49
Let l be (24/2)/((-25)/((-300)/18)). Let c(h) = -h**3 + 8*h**2 + 3*h + 9. What is c(l)?
33
Let w(c) be the first derivative of -2*c**3/3 + 63*c**2/2 - 19*c + 3471. What is w(31)?
12
Let a = -868 + 871. Let l(t) = -t + 5*t + 7*t + 7*t**2 + t**a - 15 - 20*t. What is l(-8)?
-7
Let x(n) = 4*n - 13. Suppose -142 - 16 = -24*v - 14. Determine x(v).
11
Let w(t) be the first derivative of 7*t**2 - 23*t + 3487. Determine w(2).
5
Let s = 117 - 78. Suppose 38*x - s*x = -2. Suppose -w = 13*g - 9*g - 22, 5*g = -x*w + 29. Let i(k) = -3*k**2 + 2*k - 3. Calculate i(w).
-11
Let v(j) be the first derivative of -j**3/3 - 4*j**2 - 10*j + 1. Let p = -1965 + 1963. Let c be (p + (1 - 0))/(7/49). Determine v(c).
-3
Let h(p) = p**3 - 3*p + 3. Suppose -3*f - 3*t = 465, t + 306 = 5*f - 7*f. Let b = f - -153. Determine h(b).
5
Suppose 0 = 4*k + 3*w + 49, 512*k + 5*w + 34 = 509*k. Let x(i) = i**3 + 16*i**2 + 41*i + 21. Give x(k).
-5
Suppose 4*x = 5*d + 9*x, -7 = -5*d + 2*x. Let t be ((-5)/(-4))/((-2)/(-80)*d). Let r(c) = -99*c**3 - 5*c - 5 + 50*c**3 + t*c**3 + 5*c**2. What is r(-6)?
-11
Let x(v) be the third derivative of -1/6*v**3 - 4*v + 0 + 3/8*v**4 + 11*v**2 - 1/60*v**5. Determine x(4).
19
Suppose 0 = -8*p + 189 + 43. Let g(u) = p*u - 3*u - 13*u - 11*u + 4. Determine g(2).
8
Let a(u) = 2*u + 9. Let g be (-308)/1848 + 1 + 130/(-12). Let k be (5/g)/(1 + (-7)/8). Give a(k).
1
Let l(c) = c**3 - 8*c**2 + 2*c - 4. Let m = -4803 + 4811. Determine l(m).
12
Let q = 391 + -348. Let c(o) = -99*o + 54*o + q*o. Give c(9).
-18
Let r(a) = -2*a**2 + 0 - 3*a + a**2 + 24. Let i be r(-7). Let v(c) = 4*c - 11. Let l(k) = -17*k + 47. Let d(z) = -6*l(z) - 26*v(z). Give d(i).
12
Let c(b) = -19*b - 28*b + 52*b - 18*b + 12*b - 6. Determine c(-20).
14
Suppose -30*v = -24*v + 6. Let d(u) = -44*u**2. Give d(v).
-44
Let o = -10 + 14. Let n(c) = c**2 + 33*c + 143. Let r be n(-28). Let l(x) = 0*x**3 - x**r + 5*x + 6 - 4*x**3 + 4*x**2 + o*x**3. Determine l(5).
6
Let c(b) = -13775622*b**3 + 9 - 24 + 13775623*b**3 - 14*b + 8*b**2. What is c(-9)?
30
Let q(r) = -r**2 - 26*r + 717. Let j be q(-43). Let f(x) = -x**2 - 11*x + 9. What is f(j)?
-33
Let h(w) = w + 7. Let t(c) be the first derivative of 3*c**2/2 + 23*c + 154. Let s(u) = -7*h(u) + 2*t(u). Calculate s(-1).
-2
Let d(a) = a**3 - 6*a**2 - 4*a + 5. Let m(x) = -3*x**2 - x + x**3 - 5*x**3 + 7*x**3 - 10*x**3. Let b be m(-1). What is d(b)?
-40
Let l(f) = f**3 - 8*f**2 - 9*f + 6. Let j(w) be the third derivative of 11*w**2 - 1/24*w**4 + 3/2*w**3 + 0*w + 1/60*w**5 + 0. Let o be j(0). Give l(o).
6
Let m be 12/(-72) - (-3)/((-18)/(-151)). Suppose 180 = 5*x + m*x. Let h(c) = c - 2 + 0 - 2. Give h(x).
2
Let t(m) = m**2 + m + 1. Let c(w) = 35*w**2 + 40*w + 40. Let k(u) = -3*c(u) + 120*t(u). Let a = -15639 - -15638. Calculate k(a).
15
Let h(n) = -n**3 + 58*n**2 - 4*n**2 + 107*n - 169 - 107*n**2. What is h(-55)?
-4
Let x(r) = -24*r**3 + 16*r**2 + 19*r - 4. Let n(s) = 32*s**3 - 21*s**2 - 25*s + 5. Let z(j) = -10*n(j) - 13*x(j). Determine z(-1).
9
Let b = -6 - -9. Let a be 18/(-27)*(-30)/4. Let w(d) = 0 - 2*d - a + 6 + 0. Determine w(b).
-5
Let p(w) be the first derivative of 0*w + 1/40*w**5 - 1/3*w**3 + 1/24*w**4 + 14 + 0*w**2. Let z(b) be the third derivative of p(b). Give z(-2).
-5
Suppose 15*d + 660 = 26*d. Let h = d + -66. Let l(b) = -b**2 - 4*b + 1. What is l(h)?
-11
Let w(t) = -t**3 + 9*t**2 + 21*t + 7. Let q be ((-132)/(-120))/(8/80). What is w(q)?
-4
Let a(y) = 4*y - 2*y - 3*y + 2*y - 4*y - 5. Suppose -4*s + 15 + 13 = 0. What is a(s)?
-26
Let i(n) = n**3 - 3*n**2 - 26*n + 1. Let t be i(7). Suppose 6*u + 27 = t*u. Let c(p) be the third derivative of -p**4/8 + p**3/6 - 2*p**2. Give c(u).
-8
Let o(l) = l**2 - 15*l + 16. Suppose 4*m + 124 = 6*m. Suppose -25*w = -m*w + 481. Calculate o(w).
-10
Let o(i) = i**3 + 2*i**2 + 5*i + 5. Let c be ((2 - -3)/(-25))/((-16)/(-320)). Determine o(c).
-47
Let r(o) = 9*o + 325. Let y be r(-36). Let h(t) = -2*t**3 - t**2 - t - 1. Let u(i) = 4*i**3 + 5*i**2 + 4*i + 6. Let l(w) = -5*h(w) - u(w). Give l(y).
6
Let d(u) = -6*u**2 - 13*u - 15 + 8*u + 3*u**2 - 14*u. Give d(-5).
5
Let x = 48164 - 48170. Let w(i) be the second derivative of -5*i**3/6 - 9*i**2/2 - 3*i. Determine w(x).
21
Let x(i) = i**2 + i + 1. Suppose -504 = -27*w - 342. Determine x(w).
43
Suppose -171*x - 1648 = -179*x. Let z(n) = 2*n**2 - x - 202 + 410. Calculate z(2).
10
Let m = -357 + 359. Let n(f) = -f**2 + f + f**m + 9*f**2 + 0*f**2 - 8*f**2. Calculate n(1).
2
Let t(z) = -3*z + 8. Let p(o) = 66*o - 9 - 52*o - 8*o. Let q(c) = 4*p(c) + 6*t(c). Give q(-3).
-6
Let s(i) = 5*i**3 + 16*i**2 + 2*i + 14. Let d(b) = 9*b**3 + 31*b**2 + 3*b + 29. Let f(z) = 6*d(z) - 11*s(z). What is f(8)?
116
Let h(w) be the first derivative of -w**4/4 - 2*w**3 + 5*w**2/2 - 8*w + 4. Let d = -18775 + 18768. Calculate h(d).
6
Let u(o) be the second derivative of -o**5/20 - o**4/6 + 2*o**3 - o**2/2 + 86*o - 40. Give u(-6).
71
Let k(g) = 1776*g + g**3 - 1773*g - 3*g**2 + 0*g**3 - 4. What is k(4)?
24
Let l = -32 - -48. Suppose 804 + 172 = l*o. Let p = o - 59. Let n(x) = -3*x**2 + 4*x - 2. Give n(p).
-6
Let j be 4/(-2) - (1 - 7). Let f(p) = -2*p**2 + 9*p - 4. Let x be f(j). Suppose n + 15 = 5*w, -2*n + 3 + x = w. Let g(l) = -l + 3. Calculate g(w).
0
Let t(y) = 5*y + 2. Let j(b) = -7 - 7 - b - 8 - 2*b. Let s be j(-8). Suppose -z + 2*z - 3*d = 2, z + 2*d = s. Calculate t(z).
12
Let j(r) = 25*r + 7. Let t(c) = -43*c - 14. Let n(p) = -5*j(p) - 3*t(p).